 5*z. Suppose 2*l + 75 = 4*m - 215, -3*m + 2*l = -z. Calculate the remainder when m is divided by 24.
23
Let f = -65 - -103. Let t = -23 - -34. Calculate the remainder when f is divided by t.
5
Let q(o) = o**3 + 10*o**2 + o + 7. Let u be q(-10). What is the remainder when ((u - 1) + 3)*-19 is divided by 1 - (-13 + 3)*1?
8
Suppose 0 = -63*z + 69*z - 102. Calculate the remainder when 32 is divided by z.
15
Let l(g) = -g**2 + 7*g + 2. Let c be l(7). Let w = 21 - c. Suppose 23 = -5*a + 78. What is the remainder when w is divided by a?
8
Let b(f) = f**3 - 3*f**2 + 3*f + 3. Let l(v) = -2*v + 8. Let h be l(3). Suppose 20 = 5*a + q, h*q = -0*q. What is the remainder when b(a) is divided by 12?
7
Let v(q) = -4*q - 7. Let g be v(4). Let y = g - -62. Suppose 7*p = 2*p + 70. What is the remainder when y is divided by p?
11
Let o(z) = -21*z + 1559. Let v = 2 - 2. Let n(g) = -g**2 + 9. Calculate the remainder when n(v) is divided by o(74).
4
Let q = -37 - -46. Calculate the remainder when 66 is divided by (((-12)/q)/2)/((-2)/51).
15
Calculate the remainder when 6*6/9 + 81 + 3 is divided by 49.
39
Suppose 3557 = 50*q + 7. What is the remainder when q is divided by 9?
8
Let i be (-10)/(-2) + (-4)/4. Suppose -c + 0*c = -i. Calculate the remainder when (-501)/(-39) + 4/26 is divided by c.
1
Let g = 30 + -10. Suppose 0 = -2*w + 14 - 4. Suppose -3*x = 3*b + 73 - 313, -b - 382 = -w*x. Calculate the remainder when x is divided by g.
17
What is the remainder when 100 + -7 - (4 + (0 - -2)) is divided by 5?
2
Let j(t) = -t**2 + 5*t + 1. Let z be j(4). Suppose 0 = p - n - 28, -z*n - 8 = -3. Suppose -3*r = -0*r - p. What is the remainder when 35 is divided by r?
8
Suppose -r + 0*r = w - 4, -5*w + 27 = -2*r. Let p be (-1 + 1)*5/w. Suppose p*g = -5*g + 100. Calculate the remainder when g is divided by 7.
6
Suppose -5*f + 1106 = x + 303, 3*x + 6 = 0. Suppose -47*y + 451 = -36*y. Calculate the remainder when f is divided by y.
38
Let p(l) = 3*l - 22. Let a be p(5). Let k(n) = n**3 + 7*n**2 - 3*n - 9. What is the remainder when 44 is divided by k(a)?
8
Suppose 39*t - 123 = 36*t. Calculate the remainder when t is divided by 21.
20
Suppose -8*z + 5*z = 0. Suppose -54 = -3*a - z*a. Suppose s = -s + 10. Calculate the remainder when a is divided by s.
3
Suppose -121*x + 5103 = -58*x. What is the remainder when x is divided by 75?
6
What is the remainder when 3/4 + 637/4 + 1 is divided by 82?
79
Let b(v) = v**3 + 12*v**2 - 15*v - 53. What is the remainder when b(-12) is divided by 33?
28
Let s(x) = 38*x**2 + 6*x + 9. Let a(d) = -19*d**2 - 3*d - 4. Let v(n) = -5*a(n) - 2*s(n). Calculate the remainder when 70 is divided by v(-1).
16
Suppose -5*u = -339*x + 344*x - 180, -x - 3*u = -32. Calculate the remainder when x is divided by 1*(1 + 1 + 11).
12
Suppose -1 = -2*k - 5*c, 2*k - 2*c + 5 = 13. Suppose -k*o = o - 12. Suppose -55 - 6 = -4*f + q, 3*q = o*f - 57. Calculate the remainder when 54 is divided by f.
12
Suppose -3*a + 2*i = -a - 40, 4*i = 2*a - 38. Suppose -q + 8 = -6. Let f = a - q. What is the remainder when 12 is divided by f?
5
Let l = -28 - -43. Let q(d) = -d**2 - 6*d. Let c be q(-5). Suppose 23 - 3 = c*i - 5*n, -5*i - 2*n = -20. What is the remainder when l is divided by i?
3
Let a(t) = -t**2 + 15*t + 48. Calculate the remainder when a(15) is divided by 340/35 - (-2)/(-14)*-2.
8
Calculate the remainder when 105 is divided by (((-1190)/20)/17)/(1/(-14)).
7
Let m = -8 - -13. Let z = -32 - -34. Calculate the remainder when (-2 - (-1 + 1))/(z/(-14)) is divided by m.
4
Suppose 0 = -2*z - 4*a - 22, z - 5*a - 21 = 3. Calculate the remainder when 89 is divided by z/((21/140)/((-3)/2)).
9
Let h = -1249 - -1392. What is the remainder when h is divided by 24?
23
Let d(f) = 41 - 9 + f**3 - 8*f + 13*f**2 - 4*f. What is the remainder when 47 is divided by d(-14)?
3
Suppose 0 = -3*f + 5*a - 14 - 0, -2 = -3*f + a. Let o(u) = -u**2 + 3*u**f + 4*u + 0*u**2 - u**2 + 4. Calculate the remainder when 15 is divided by o(-5).
6
Let v(u) = -3*u + 3 - 2 - 130*u**2 + 4*u**3 + 134*u**2. Let i be v(2). Suppose o = -15 + i. Calculate the remainder when o is divided by 16.
12
Let f = -759 - -917. Calculate the remainder when f is divided by 27.
23
Suppose 3*p = 8*p - 15. What is the remainder when p*6*(-3)/(-2) is divided by ((-15)/7)/((-4)/28)?
12
Let u = 0 + 19. Suppose -4*x + 308 = 3*z, -113 = -5*x - 2*z + 265. What is the remainder when x is divided by u?
17
What is the remainder when 90 is divided by ((-192)/(-15))/((-10)/(-25))?
26
Let v = 21 + -7. Let g(l) = -4*l - 55. Let f be g(-15). Suppose 2*u - 24 = 9*i - f*i, -4*u + 24 = -2*i. Calculate the remainder when v is divided by u.
2
Let t(o) = -14*o**2 + 240*o + 18. What is the remainder when t(17) is divided by 11?
8
Let o be -8*-2*1/4. Suppose 2*q - o*i - 62 = 0, 2*q - 5*q + 38 = 5*i. Let j = 28 - q. What is the remainder when 34 is divided by j?
6
Let l(v) = -v + 40. Calculate the remainder when l(24) is divided by 6 - (2 - 4 - -2).
4
Let n(l) = l**3 - 5*l**2 + l - 10. Let g(u) = 6*u - 5. Let p = -4 + 6. Let f be g(p). What is the remainder when n(f) is divided by 32?
31
Suppose 0*q - 8*q = -40. Let v(h) = h - 6. What is the remainder when q is divided by v(9)?
2
Let x(i) = i**3 + 4*i**2 - 7*i - 6. Let d = 1 + -6. Let w be x(d). Suppose -w*p = p - 60. What is the remainder when 46 is divided by p?
10
Let d(n) = -11*n + 51. Let r be d(6). Let m(j) = -j**2 - 19*j - 18. Let w = -14 - -29. What is the remainder when m(r) is divided by w?
12
Let i = 677 + 102. What is the remainder when i is divided by 11?
9
Let s(c) = 3*c**3 + 37*c**2 + 10*c - 9. Calculate the remainder when s(-12) is divided by 4.
3
Let j be (5 - 2) + -6*3/2. Let s(g) = -17*g - 31. Let o(u) = 8*u + 15. Let x(l) = -7*o(l) - 3*s(l). What is the remainder when 68 is divided by x(j)?
14
What is the remainder when 469 is divided by (1 - 5)*(-5 + 54/24)?
7
Suppose 2*h + h = 105. Let p = -34 - -32. Calculate the remainder when 23 is divided by 7/p*(-40)/h.
3
Let x(d) = -2*d**3 - 12*d**2 - 2*d + 12. Let a be x(-6). Let q(h) = 30*h. Calculate the remainder when a/4*(-57)/(-6) is divided by q(1).
27
Suppose 0 = -5*w - 29 + 169. Suppose -o + 33 = -w. What is the remainder when o is divided by 13?
9
Suppose -3*b + b + 15 = -3*i, -b + 4*i = 0. Calculate the remainder when 39 is divided by b.
3
What is the remainder when (6724/16)/(5/20) is divided by 51?
49
Let k(r) = -3*r + 27. What is the remainder when 89 is divided by k(-1)?
29
Let k(c) = -3*c - 18 + 5 + 34. What is the remainder when 6 is divided by k(6)?
0
Suppose 0 = -y - 5*i + 29, 45*y - 41*y + 9 = 5*i. Calculate the remainder when 56 is divided by y.
0
Suppose 0 = -4*k + 1 + 15. Let u(s) = -s**3 + 11*s**2 - 7*s + 5. Calculate the remainder when u(k) is divided by 18.
17
Let c be (7 - 6)*(19 + 0). Suppose -c*v - 166 = -21*v. What is the remainder when v is divided by 17?
15
Suppose -12 = -h + 2*t, h + 3*h - 4*t = 44. What is the remainder when 118 is divided by h?
8
Let d(b) = 9*b + 20 - 3 - 23*b + 17*b. Let s be d(9). Suppose -5*q + 2*h = -s, -3*q + 6*q - h - 26 = 0. Calculate the remainder when 29 is divided by q.
5
Let o(m) = 20*m**2 + 5*m + 6. Suppose 4*s = h + 6 + 11, 3*s = 4*h + 42. Let d = -3 - h. Calculate the remainder when o(-1) is divided by d.
3
Let f = 128 - -111. Suppose f = 10*o - 11*o. Let p = o - -353. Calculate the remainder when p is divided by 29.
27
Suppose -12*c + 422 = 14. What is the remainder when c is divided by 18?
16
Let f = -18 + 8. Let n(a) = -a**3 - 9*a**2 + 8*a + 3. What is the remainder when n(f) is divided by ((-448)/(-80))/(4/10)?
9
Let o(g) = g + 43. Suppose 6*p + 72 = -2*p. What is the remainder when 99 is divided by o(p)?
31
Suppose 0 = -0*w + 3*w - 162. What is the remainder when w is divided by 23?
8
Suppose 0 = -0*v + v - 3*t - 5, -2*t = 3*v - 15. Suppose 8 = 6*h - v*h. Suppose r - 19 = 10. Calculate the remainder when r is divided by h.
5
Let j be -4 - 9/(18/(-8)). Suppose j*l + 2*l = 5*r - 115, -55 = -3*r + 4*l. What is the remainder when r is divided by 17?
8
Let t = -31 + 52. Suppose 0 = 16*p - t*p + 65. Suppose -4*k - 40 = -244. Calculate the remainder when k is divided by p.
12
Let m = -25 - -14. Let h(j) = 4*j - 12. Let v be h(m). Calculate the remainder when 1 - 1 - (v - -4) is div